 + 2?
-6
Calculate -4 + (-1 + 0 - (55 - 59)).
-1
What is -43 + 18 + -5 - -65?
35
What is the value of -5 + -1 - (14 - 13) - -5?
-2
Evaluate (246 - 242) + -1 + -6.
-3
What is (-2 - -15) + 17 + -23 - 11?
-4
Calculate -11 - (18 - (47 + -15)).
3
4 - ((-4 + 7 - 8) + 10) - 11
-12
What is the value of (-13 + 12 - (4 + 1)) + 4?
-2
(-13 - (-8 + 6) - -6 - -3) + 5
3
Calculate -4 + 2 - (-32 - -21).
9
What is -18 - -19 - (5 - 2) - 3?
-5
What is 3 + -5 + (4 - (4 - (-1 + 2)))?
-1
38 + (-4 - -3) + -12 - -12
37
1 + 4 - (-5 - (-30 - 0 - -4))
-16
What is the value of (3 - -14) + 2 + -10 + 5?
14
Calculate 1 + 8 - (294 + -293).
8
-25 - (-12 + 28 - 18)
-23
(19 + -7 - 22) + 21
11
-77 + 76 + (-20 - (-3 - -3))
-21
Evaluate 243 - 254 - (-2 - (2 + -2)).
-9
Evaluate -96 - -95 - (0 + -1 - (5 - 35)).
-30
-6 - (12 - 14 - (-4 + 5))
-3
What is 7 + -6 + (12 - 6)?
7
What is 27 - (-26 + 1 + 40)?
12
Calculate -34 - -50 - (17 + 3).
-4
(-142 - -73) + 49 + -1 + 5
-16
What is the value of (-7 - -1 - -32) + (-19 - -11)?
18
Calculate 20 + (-1 - 5) + 1.
15
What is the value of -2 - (8 + -17 - -15) - 6?
-14
What is 6 - (4 - (-11 - -10))?
1
What is (15 - (12 + 11 + -10)) + 7?
9
What is the value of -195 + 192 - (-1 + -4)?
2
Calculate -11 - (15 - 23) - (5 - 1).
-7
What is the value of -17 + 9 + (4 + -11 - -2) + 5?
-8
Calculate -23 + 28 + (-3 - -1).
3
Calculate -2 - -12 - 19 - -15.
6
25 + -45 - -25 - (7 - 1)
-1
What is the value of -12 - (-12 + -24 - -20)?
4
What is the value of -14 + (-12 - (7 + -18 - 1 - -3))?
-17
What is the value of 19 + -28 - -17 - (4 + 1 + 29)?
-26
Calculate 560 - 551 - ((-1 - -1) + 17) - -11.
3
Calculate (30 - 14 - 13) + 8.
11
-4 + 23 - -3 - 43
-21
What is the value of 50 + -25 - 28 - (1 + -5)?
1
Evaluate 9 - (1 + 12 + -35 + 10).
21
Evaluate 4 - (-8 - -12) - -11.
11
What is the value of -15 - (7 - ((-16 - -23) + (1 - -1)))?
-13
Evaluate (-1 - -16) + (-78 - -71) + 4 - 3.
9
Evaluate -16 + (0 - -22 - (-116 - -130)).
-8
Calculate 49 + -70 - ((-1 - 0) + -5).
-15
Calculate (14 - 9 - 14) + -2 - -8 - 14.
-17
What is 12 - (-6 - (5 - 13))?
10
Calculate (23 - 4 - 3) + -21 - 4.
-9
What is the value of -1 + 3 + 1 + -94 + 56 + 18?
-17
What is the value of -117 + 110 + (1 - -5)?
-1
What is the value of (36 - 12) + -7 + -20 + (-2 - -11)?
6
What is -10 + (8 - (10 + -12))?
0
What is (73 - 56) + (-44 - -13)?
-14
-2 + (-6 - -8) - 14
-14
What is the value of 1 - 23 - (9 + 1 + -103 + 103)?
-32
Evaluate (14 - -1) + (-229 - -193).
-21
Calculate 41 + -93 + 20 - -12.
-20
Evaluate (5 - 14) + 9 - (16 + -1) - -7.
-8
Evaluate 1 + ((-4 - (14 - 7)) + -2 - 1).
-13
Evaluate -1 + (-15 - -16) + -4 + -22.
-26
What is -10 - (3 + -9 + 6)?
-10
Calculate (-2 - -4) + -4 + 7 - 14.
-9
Calculate 2 + 10 + 0 + -22 + 33.
23
-31 + 47 - (0 + 8)
8
Calculate -4 - -18 - (8 + 3).
3
Evaluate (-3 - -4 - 0) + -6 - -11.
6
What is the value of (-19 - (-16 - -6)) + (10 - 1)?
0
Evaluate 1 - (-39 - -76) - -71.
35
Evaluate (-13 - 4) + 45 - 17.
11
135 + -110 + 3 + 7
35
What is the value of 11 - ((7 - (1 + 6)) + 2 + 3)?
6
-12 - (-12 + 8 + 3 + 3)
-14
Evaluate (-1 - 12) + (86 - 65).
8
Evaluate 20 - (11 + 1 - (0 + -10 + 20)).
18
Evaluate 9 - (1 + -6 - (3 - 2)).
15
Calculate 44 + -48 + (1 - -1) + 2 + 1.
1
(14 - 3) + (-13 - 5)
-7
What is (13 - 1) + -9 - 6 - 11?
-14
What is -6 + -2 + 7 + (38 - (0 - -8))?
29
What is the value of 3 + 14 - (73 + (-43 - 9))?
-4
(-12 - -1 - -3 - -4) + 21
17
9 + -16 + (22 - 16)
-1
What is the value of (-55 - -89 - 21) + 3 + 2?
18
-22 - -25 - (-1 + 3) - (11 + -13)
3
Calculate 6 + -64 + 55 + (-1 - -3).
-1
Evaluate 12 + (-5 - (-2 + 2)) + -11 + 1.
-3
Calculate (-6 - -5) + -2 + -3 + 22.
16
58 + -21 - (35 + 3)
-1
Evaluate -3 + -7 + (-2 - -7) - -15.
10
10 - (-1 - 6 - -6 - -9)
2
35 - (-7 - (5 - 12)) - 10
25
What is the value of -20 + -7 + 17 + (13 - 2) + -2?
-1
-1 - (7 + 8 - 15)
-1
What is -12 + -3 - -15 - (-2 - -3 - -7)?
-8
(3 + -1 - (11 - -2)) + (-2 - 0)
-13
(2 - (-3 + -1)) + -99 + 93
0
Calculate 28 - 0 - (69 + -53).
12
5 + -33 + 16 + (-6 - -2 - -5)
-11
Calculate 6 + (6 - 7) + (0 - 5).
0
0 - (4 + (0 - 2 - -1) + -14)
11
Evaluate 0 + (0 - 6 - -15 - 10).
-1
Calculate 14 - (-17 - (-1 - 8 - 3)).
19
23 - 0 - (9 - 4 - (-3 - -4))
19
Evaluate (-21 - -8 - -8) + 9 + 9.
13
Calculate 0 + 20 - (-12 + (-12 - (-32 + 11))).
23
-14 - (-10 + (-29 - -11)) - 6
8
What is -26 - (-10 - 3 - -4)?
-17
What is -7 + 13 + -19 + 24?
11
39 + -23 + 13 - 11
18
Evaluate 403 + -409 - ((0 - 7) + 0).
1
Evaluate 32 + -17 + -18 - (2 - 4).
-1
Calculate 22 + -17 + 10 + -13.
2
-12 - (6 - 6 - (-3 - 0) - 5)
-10
What is 7 - (3 - -10) - -12?
6
What is the value of 49 + -34 + 1 + -20 + 17?
13
Calculate (-11 - (1 - 4)) + 97 + -109.
-20
What is -10 + -22 + 3 + 22 + -12?
-19
Evaluate (11 + 0 - (63 + -64)) + -8.
4
What is 2 - (-20 - (8 - 13))?
17
What is the value of (-62 - -7) + 45 - (-33 + 1)?
22
Calculate 5 + (-4 + -11 - -6).
-4
1 - 12 - (-11 - -6)
-6
Calculate 12 - ((0 - -3) + (14 + 3 - 15)).
7
Evaluate -10 - (-20 + 43 + -20).
-13
Evaluate 10 + (5 - -21) + -65.
-29
2 + 4 + (-68 - -73) + -13 + 12
10
Calculate 9 + -1 + 3 + -7 + 0 + 2.
6
Evaluate (10 + (-4 - 6) + 0 - -17) + -7.
10
Calculate -1 + (3 - (-17 + 10)) - (21 - 1).
-11
Evaluate 134 + -135 - (-2 - -10).
-9
What is -6 + (24 - 23) + 24?
19
Evaluate 1 - (-14 + -2) - (0 + 8 - 0).
9
Evaluate (-24 - (-6 - 63)) + -27.
18
Calculate -9 + (1 + -4 - (-3 + 7 + -6)).
-10
13 - -1 - ((10 - 22) + 3 + 10)
13
Calculate 9 + (-16 - -6) - 15 - (2 - -2).
-20
Evaluate -3 + (6 - ((-5 - 8) + 4)) - -1.
13
What is the value of 13 + 2 + (5 - 6 - 6) - 6?
2
What is -12 - (1 + -19 - -22)?
-16
What is the value of 7 - ((1 - 0 - 0) + 2 - 7)?
11
What is the value of 4 - (283 + -283 - (0 - (0 - -1)))?
3
-3 + 10 + (-7 - 11) - 4
-15
Calculate -5 + -4 + (14 - -3) + 4 + 0.
12
What is the value of -9 - (-6 + -6 + 10 + -13 + 7)?
-1
What is 26 + 20 + -30 - (-3 - -43)?
-24
24 + -10 + -2 + -13
-1
What is -21 - (5 + 10 + 1 + -23)?
-14
Evaluate -10 + (18 - 0 - -19).
27
What is (0 - -19) + -15 + (4 - -1) + 2?
11
Evaluate -13 + (1 - (-4 + 7)) + -16.
-31
What is (15 - 18) + (-2 - 1) + (-26 - -14)?
-18
What is the value of 4 + -41 + 12 - (1 + -12)?
-14
What is the value of 140 + -127 + -29 + 1?
-15
What is 15 + (-6 - (6 + 1))?
2
What is (-12 - -18 - -9) + -14?
1
1 + 0 + -13 + (-45 - 0) + 41
-16
-9 + 19 + 1 - (-10 - 1)
22
-10 + -32 + 38 - (2 - -1)
-7
-1 + 58 + -2 - (-201 + 219)
37
What is -2 + 4 + -14 + (24 + -43 - -21)?
-10
(-4 - -13 - -9) + -29 + 27
16
Calculate -12 - (-9 + -36) - (29 - 15).
19
What is -96 + 99 - (6 - -1)?
-4
What is (-7 - (2 + 4)) + 3 - 1?
-11
Calculate 1 - (3 - 3) - ((0 - 4) + 2).
3
3 + -11 + 22 + -25
-11
Evaluate 0 + -2 - (13 + -18 + 2).
1
Calculate (18 - -2) + 16 + -21 + 9.
24
-1 - (-1 + -4 + 5)
-1
What is the value of (-6 + 0 - (4 + -21)) + -8?
3
Calculate 6 + 2 + -281 + 264.
-9
Evaluate -5 - (-23 + 1 - (28 - 31)).
14
Calculate 49 - (-32 + 5 + 45).
31
8 + -3 + (-92 - -94 - (6 - 0))
1
Calculate -5 - (2 - (-3 - -3 - 7)).
-14
Calculate -7 - (1 + 7 + -6 + 2).
-11
What is 8 + (-9 - (14 + -33)) + 14?
32
Calculate 4 + -10 + 3 + 0 - -7.
4
Evaluate (-9 - (-3 + 6)) + 1.
-11
What is 1 - (9 - 16) - 2 - 21?
-15
What is the value of -6 - ((-1 + 3 - 2) + (6 - 7))?
-5
Evaluate (6 - 1) + 1 + (-7 - -4) + -1.
2
6 + (-1 - 1) + -8 + -3 + 0
-7
What is -8 + (3 - (-6 + (2 - 1 - -4)))?
-4
What is the value of 72 - 33 - (11 - 4)?
32
What is the value of 4 + (15 + -38 - -16)?
-3
What is the value of 5 + (-1 - 0 - -3) + -17?
-10
What is -24 + (-10 - (-1 - 2 - 3) - -1)?
-27
Evaluate 7 + (2 + 11 - (-1 - (-3 - -2))).
20
What is the value of 7 + 6 + (-7 - -1) - 10 - -6?
3
What is the value of (1 + -2 - 22) + (8 + 8 - 9)?
-16
Evaluate (-26 - -11) + (17 - -6).
8
What is 6 - (10 - (7 - -8))?
11
What is the value of -13 + 17 + 8 - 16?
-4
(-40 + 38 - (1 - -1)) + 3
-1
Calculate -3 + 3 - -3 - (-232 - -243).
-8
(-17 + 31 - 1) + -8
5
28 - 33 - (-10 - 10)
15
Evaluate (-1 - (7 + (-9 + -7 - -7))) + -1.
0
Calculate 5 - ((8 - 8) + -17 + -2 + 12).
12
What is the value of (38 - 39) + -17 + 2?
-16
Evaluate 7 - (-6 - 2 - -1 - (97 - 140)).
-29
What is -6 - (16 + -12) - -8?
-2
What is (-8 - 5) + (10 + -24 - -21)?
-6
-11 + 3 + (4 + 2 - 4) - -7
1
Evaluate -10 - (0 - (-24 + 16 - 6)).
-24
15 + -2 + (76 - 101)
-12
What is 0 + -3 + (-8 - (19 - 24)) + 9?
3
What is 1 + 1 - (13 - 20 - -32